1*m**2 + 99*m + 594. What is the thousands digit of n(-20)?
3
Suppose 0 = 5*k + 5*s - 5750, 5*k - 6037 = 5*s - 277. What is the thousands digit of k?
1
Let w = -43747 - -67117. What is the units digit of w?
0
Let v(z) = 151*z - 19. Let n be v(16). What is the hundreds digit of 1*6/(-12) - n/(-6)?
3
Let k be (42 - 549) + (-10)/(2 - 0). Let p = k + 637. What is the units digit of p?
5
Let g(y) = y**2 + 66*y - 353. Let d be g(5). Suppose 2*z = -93*q + 88*q + 1489, d*z - 1534 = 4*q. What is the units digit of z?
7
Let f(w) = -159*w**3 - 3*w**2 + 2*w - 4. Let z be f(2). What is the tens digit of (z/15)/(3 - (-17)/(-5))?
1
Let x(z) = 2*z**3 - 29*z**2 + 62*z - 18. Let m be x(12). Let v(s) = 45*s**2 - 57*s. What is the tens digit of v(m)?
7
Suppose -6 = -r - 3*s, 4*s = 3*r - 0*s + 8. Let n(q) = 92*q - 5. Let i be n(1). Suppose r = -3*u + 258 - i. What is the tens digit of u?
5
Suppose 17*g + 13914 = 20*g + c, -g + 4*c = -4638. What is the tens digit of g?
3
What is the tens digit of (-3)/7 - (7 + 264/(-28)*1373)?
3
Suppose 518*m - 582*m = -687488. What is the units digit of m?
2
Let i(s) = -2*s + 11. Let q be i(-12). Let w = q + -96. Let k = w - -108. What is the units digit of k?
7
Suppose 17*c = 210519 + 202377. What is the units digit of (4/(-3))/((-64)/c)?
6
Suppose 10*g + 45 - 85 = 0. Suppose -i + 3*d + 375 = -115, 2*d - g = 0. What is the units digit of i?
6
Let p = 21824 + -12412. Suppose 28*a - 15*a = p. What is the tens digit of a?
2
Let q(h) = h**2 + 3*h - 5. Let v be 14/((4 - 0) + -2). Let d be q(v). Let r = -31 + d. What is the tens digit of r?
3
Suppose -202 + 206 = -4*a. What is the units digit of 2026 + -36 - (a - 0 - 0)?
1
Let z = -111 - -116. Suppose 4*b - 1423 = -z*v, -4*b = 6*v - 2*v - 1420. What is the hundreds digit of b?
3
Let x(q) = -q**2 + 19*q + 38. Let b be x(20). Suppose -13*j = -b*j + 10. What is the tens digit of (-35 - -11)/(j/(-5))?
6
What is the tens digit of 976002/47 + -4*(2 + -3)?
7
Let c(g) = 40*g + 95. Suppose 14*b + 49 = 3*z + 15*b, -4*z = -5*b - 78. What is the hundreds digit of c(z)?
7
Let n = 1096 + -569. Suppose -m + w = -0*m - n, 3*m - 1593 = -w. What is the units digit of m?
0
Suppose -2*u - 34*w + 32*w + 69074 = 0, 3*w + 172733 = 5*u. What is the hundreds digit of u?
5
Let l be 5 + (1 - (-3 - -8)) - -2. Let b(x) = 38*x**2 - 5*x + 25. What is the units digit of b(l)?
2
Let y(m) = m**3 + 18*m**2 + 32*m + 2. Let k be y(-16). Suppose -3*t + 3391 = k*w, 7*w = -t + 8*w + 1132. What is the hundreds digit of t?
1
Let g = -3204 + 1841. Let t = 2327 + g. What is the hundreds digit of t?
9
Let p(y) = -y**3 + 15*y**2 - 6*y - 22. Let j = -41 + 52. What is the tens digit of p(j)?
9
Let k be (-23822)/(-774) + 3/((-54)/(-4)). Suppose 0 = -4*j - 4*l + 1000, -j = 26*l - k*l - 262. What is the tens digit of j?
5
Suppose -1 - 1 = -q. Suppose -2*g - 4*k + 148 = 0, 346 = 5*g - q*k + 4*k. Suppose -15*l = -19*l + g. What is the units digit of l?
7
Let a(p) = -80*p - 100. Suppose -t - 2*c + 21 = -4*t, 2*t + 4*c = 2. What is the tens digit of a(t)?
0
Suppose -v = -4*r + 43, -v - 18 = -2*r + 3*v. Suppose -r*q - q = -276. What is the tens digit of q?
2
What is the units digit of (158 - (5 - 10))*(45/(-5) - -14)?
5
Let w be (30/30)/(2 + 2230/(-1116)). Suppose -2*x - 10 = 0, r - w = -4*x + 179. What is the units digit of r?
7
Let x be 2/5 - 13/(-5). Suppose o - x = 11. Suppose -10*z = -o*z + 228. What is the tens digit of z?
5
Let n = 14770 - 5284. What is the tens digit of n?
8
Let h = 186 - 527. Let x = h + 362. What is the tens digit of x?
2
Let z = 37103 - 25331. What is the thousands digit of z?
1
Let u be -5 - -6 - (2 + -141). Let o = -81 + u. What is the units digit of o?
9
Suppose s + 1060 = 369. Let b = 1452 + s. What is the hundreds digit of b?
7
Let p(q) = -q**3 + 6*q**2 - q + 8. Let z be p(6). Suppose -3*n + 28 = 2*n + b, -5*n + z*b = -19. What is the tens digit of 4*((-119)/(-20) - n/25)?
2
Suppose 0 = h - 4*k - 603, 2*h + 589 = 5*k + 1792. What is the hundreds digit of 6/(-1 + 3597/h + -5)?
1
Let p be 0/2 + 6696/(-9). Let s = -76 - p. What is the units digit of s?
8
Suppose 3*r + 4*w = 13 - 1, -3*r + w = 3. Suppose -m + 3*m - 2*p - 152 = r, 3*m - 2*p = 233. Let d = 174 - m. What is the units digit of d?
3
What is the units digit of (186/9)/(12/7542)?
9
Let y(x) = x**2 - 11*x - 23. Let o be y(13). Let n be 1/(3 - (-5)/(-2)). Suppose -z - 34 - 31 = -2*j, o*z = -n*j + 69. What is the tens digit of j?
3
What is the hundreds digit of (-13 - 36954/(-54))*15/2?
0
Let z = 178 - 75. Let v = 1180 + -605. Suppose -s = -o + s + z, -5*o - 5*s = -v. What is the hundreds digit of o?
1
Suppose 0 = -3*q + 4*q - 2*i - 9, 5*q = 5*i + 35. What is the hundreds digit of 0 + 1115/q + 4?
2
Suppose 5*c = -5*a - 33165, c + a = 5*c + 26532. What is the units digit of (c/(-44))/((-1)/(-4))?
3
Let i be 4 + (3 - 5 - -2). Suppose 4 + 40 = 22*j. Suppose 358 = j*f - 3*t, -175 = i*f + 2*t - 907. What is the units digit of f?
2
Suppose -31 = 2*s - 23. What is the units digit of (-114)/s*(-5 + 11)?
1
Suppose 67*z + 72*z + 245994 = 153*z. What is the thousands digit of z?
7
Suppose -4 = -8*l - 60. Let d(q) = -q**3 - 8*q**2 - 21*q + 4. Let g be d(l). Suppose 4*a = g + 142. What is the tens digit of a?
6
Suppose 5*k - 399 + 1179 = 0. What is the hundreds digit of (0 + 3)*(-20228)/k?
3
Let y be (12/(-30))/((-3)/135). Suppose y*z - 19*z = -161. Let m = -50 + z. What is the units digit of m?
1
Let a = -90 + 43. Let m = 3 + 69. Let r = m + a. What is the tens digit of r?
2
Suppose -4027 = -4*t + 4*b - 467, 3*b = 5*t - 4454. What is the tens digit of t?
9
Let t be 280/12*(-324)/(-126). Suppose 5*w - 136 = 2*q, 5*w = -5*q + t + 55. What is the tens digit of w?
2
What is the tens digit of (-17 - -7)/10 - -7825?
2
Let p(v) = -2*v**3 - 8*v**2 - 5*v - 4. Let l be p(-3). What is the tens digit of (l + 5)/((-16)/7864)?
8
Let s = -466 + 472. Suppose s*b = 17*b - 6336. What is the hundreds digit of b?
5
Let v = 175 + -170. Suppose -2*k + v*w + 957 = 0, 372 = k + 3*w - 101. What is the units digit of k?
6
Let k(m) = 931*m + 200. What is the tens digit of k(6)?
8
Let x = -36 - -38. Suppose x*y + 0*y = 8, 3*f + 4*y = 4. What is the tens digit of ((-5)/20)/(f/1328)?
8
Let u(l) = -2*l - 69 + l**2 - 3*l - 41 + 171. What is the hundreds digit of u(25)?
5
Let w(t) = -t**2 - 11*t - 8. Let r be w(-10). Suppose 9*b - 3476 = -r*b. What is the hundreds digit of b?
3
Let u(b) = 11*b - 1. Let h be u(3). Suppose -3 = -5*z + 2. Let x = h - z. What is the units digit of x?
1
Let k(c) = c**3 + 13*c**2 + 5*c + 5. Let r be k(-5). Suppose 2*x + 8 = 0, 5*x - 2*x = -4*z - 12. Suppose z = 6*a - 7*a + r. What is the units digit of a?
0
Let s be (45 + -9)*(0 + 1). Let z = s + -344. Let d = -160 - z. What is the hundreds digit of d?
1
Let h = -4317 - -25456. What is the hundreds digit of h?
1
Let m = -1010 + 1000. What is the hundreds digit of 1190 - -2*(-45)/m?
1
Let f(l) = -2*l**3 + 7*l + 3*l**3 - 9 - 2*l**3 + 6*l**3 - 3*l**2. Let s be f(4). Let j = s + -141. What is the hundreds digit of j?
1
Let v = -186 + 191. Suppose -v*r + c = -5373, 0*r - c + 3227 = 3*r. What is the thousands digit of r?
1
What is the tens digit of ((-40)/12 - -3)/((-48)/3673584)?
1
Let j be 4/6 - (-1338)/(-9). Let v be 6/(-14) - (j/(-14))/1. What is the tens digit of v/22*(-27 - -1)?
1
Let z be 42/12*3*62. Let c be z/6 + (-2)/4. Suppose -2*a + 2*y = -c, a - 2*y = 14 + 40. What is the units digit of a?
4
Suppose -b + 15913 = 4*d, -4*b + 5*d = 3745 - 67397. What is the tens digit of b?
1
Let c(q) = -5*q + 39. Let f = -27 + 37. Let b be c(f). What is the units digit of b/((-33)/6) + 81?
3
Suppose -t + 5*s = -17, -4*t - 10*s = -7*s + 47. Let v(m) = -3*m**2 - 117*m - 19. What is the tens digit of v(t)?
2
Suppose -9 = 5*y - 8*y. Let d(c) = 14 - 4 - 5 + 2*c**2 + 3*c**3 - 1. What is the units digit of d(y)?
3
Let w = 3663 + -1678. What is the units digit of w?
5
Let y = 85240 - 55592. What is the hundreds digit of y?
6
Let g = 259149 - 178010. What is the hundreds digit of g?
1
Suppose -18200 = -j - 3*m, -66*m = -2*j - 70*m + 36398. What is the hundreds digit of j?
1
Let b(f) = 6*f**2 + 7*f - 71. Let m(o) = 17*o**2 + 22*o - 214. Let g(i) = -11*b(i) + 4*m(i). What is the hundreds digit of g(11)?
2
Suppose 0 = 4*o + 50 - 2. Let y(r